{"id":83102,"date":"2026-04-07T00:28:21","date_gmt":"2026-04-06T22:28:21","guid":{"rendered":"https:\/\/www.it-matchmaker.com\/itm\/?page_id=83102"},"modified":"2026-04-19T23:36:17","modified_gmt":"2026-04-19T21:36:17","slug":"promotion-pakete","status":"publish","type":"page","link":"https:\/\/www.it-matchmaker.com\/itm\/fuer-anbieter\/werbemoeglichkeiten\/promotion-pakete\/","title":{"rendered":"Promotion Pakete"},"content":{"rendered":"\t\t<div data-elementor-type=\"wp-page\" data-elementor-id=\"83102\" class=\"elementor elementor-83102\" data-elementor-post-type=\"page\">\n\t\t\t\t<section class=\"elementor-element elementor-element-c295a57 e-flex e-con-boxed e-con e-parent\" data-id=\"c295a57\" data-element_type=\"container\" data-e-type=\"container\" data-settings=\"{&quot;background_background&quot;:&quot;classic&quot;}\">\n\t\t\t\t\t<div class=\"e-con-inner\">\n\t\t<div class=\"elementor-element elementor-element-405c90f e-con-full e-flex e-con e-child\" data-id=\"405c90f\" data-element_type=\"container\" data-e-type=\"container\">\n\t\t\t\t<div class=\"elementor-element elementor-element-5b55574 elementor-widget elementor-widget-heading\" data-id=\"5b55574\" data-element_type=\"widget\" data-e-type=\"widget\" data-widget_type=\"heading.default\">\n\t\t\t\t\t<h2 class=\"elementor-heading-title elementor-size-default\">Promotion-Pakete f\u00fcr mehr Sichtbarkeit im IT-Matchmaker\u00ae<\/h2>\t\t\t\t<\/div>\n\t\t\t\t<div class=\"elementor-element elementor-element-a7b2eef elementor-widget elementor-widget-text-editor\" data-id=\"a7b2eef\" data-element_type=\"widget\" data-e-type=\"widget\" data-widget_type=\"text-editor.default\">\n\t\t\t\t\t\t\t\t\t<p>Mit den Promotion-Paketen erh\u00f6hen Sie Ihre Sichtbarkeit im \u00f6ffentlichen Bereich des IT-Matchmaker\u00ae. So machen Sie Ihr Unternehmen und Ihre L\u00f6sungen f\u00fcr nicht registrierte Anwender sichtbarer und pr\u00e4sentieren mehr Informationen direkt im Such- und Rechercheumfeld.<\/p>\t\t\t\t\t\t\t\t<\/div>\n\t\t<div class=\"elementor-element elementor-element-f068714 e-con-full e-flex e-con e-child\" data-id=\"f068714\" data-element_type=\"container\" data-e-type=\"container\">\n\t\t\t\t<div class=\"elementor-element elementor-element-9fdb051 elementor-widget elementor-widget-downloadcenter-button\" data-id=\"9fdb051\" data-element_type=\"widget\" data-e-type=\"widget\" data-widget_type=\"downloadcenter-button.default\">\n\t\t\t\t\t\t\t<a style=\"background-color:var(--e-global-color-e89e718)\" class=\"elementor-button elementor-button-link elementor-size-sm\" target=\"_blank\" href=\"\/itm\/wp-content\/plugins\/trovarit_homepage_admin\/get_article.php?articleID=1296\">\r\n\t\t<span class=\"elementor-button-content-wrapper\">\r\n\t\t\t<span class=\"elementor-button-icon\"><i aria-hidden=\"true\" class=\"fas fa-lock-open\"><\/i><\/span>\t\t\t<span class=\"elementor-button-text\">Download Facsheet<\/span>\r\n\t\t<\/span>\r\n\t\t<\/a>\r\n\t\t\t\t\t\t<\/div>\n\t\t\t\t<div class=\"elementor-element elementor-element-0dd9029 elementor-widget elementor-widget-button\" data-id=\"0dd9029\" data-element_type=\"widget\" data-e-type=\"widget\" data-widget_type=\"button.default\">\n\t\t\t\t\t\t\t\t\t\t<a class=\"elementor-button elementor-button-link elementor-size-sm\" href=\"#elementor-action%3Aaction%3Dpopup%3Aopen%26settings%3DeyJpZCI6IjgzODQ0IiwidG9nZ2xlIjpmYWxzZX0%3D\">\n\t\t\t\t\t\t<span class=\"elementor-button-content-wrapper\">\n\t\t\t\t\t\t\t\t\t<span class=\"elementor-button-text\">Kontakt<\/span>\n\t\t\t\t\t<\/span>\n\t\t\t\t\t<\/a>\n\t\t\t\t\t\t\t\t<\/div>\n\t\t\t\t<\/div>\n\t\t\t\t<\/div>\n\t\t<div class=\"elementor-element elementor-element-de3774d e-con-full e-flex e-con e-child\" data-id=\"de3774d\" data-element_type=\"container\" data-e-type=\"container\">\n\t\t\t\t<div class=\"elementor-element elementor-element-a56cac4 elementor-widget elementor-widget-image\" data-id=\"a56cac4\" data-element_type=\"widget\" data-e-type=\"widget\" data-widget_type=\"image.default\">\n\t\t\t\t\t\t\t\t\t\t\t\t\t\t\t<img fetchpriority=\"high\" decoding=\"async\" width=\"800\" height=\"781\" src=\"https:\/\/www.it-matchmaker.com\/itm\/wp-content\/uploads\/2026\/04\/it-matchmaker-promotion-pakete-1024x1000.jpg\" class=\"attachment-large size-large wp-image-83105\" alt=\"IT-Matchmaker Promotion-Pakete\" srcset=\"https:\/\/www.it-matchmaker.com\/itm\/wp-content\/uploads\/2026\/04\/it-matchmaker-promotion-pakete-1024x1000.jpg 1024w, https:\/\/www.it-matchmaker.com\/itm\/wp-content\/uploads\/2026\/04\/it-matchmaker-promotion-pakete-300x293.jpg 300w, https:\/\/www.it-matchmaker.com\/itm\/wp-content\/uploads\/2026\/04\/it-matchmaker-promotion-pakete-768x750.jpg 768w, https:\/\/www.it-matchmaker.com\/itm\/wp-content\/uploads\/2026\/04\/it-matchmaker-promotion-pakete-1536x1499.jpg 1536w\" sizes=\"(max-width: 800px) 100vw, 800px\" \/>\t\t\t\t\t\t\t\t\t\t\t\t\t\t\t<\/div>\n\t\t\t\t<\/div>\n\t\t\t\t\t<\/div>\n\t\t\t\t<\/section>\n\t\t<section class=\"elementor-element elementor-element-0c9a517 header-invert helle-sektion e-flex e-con-boxed e-con e-parent\" data-id=\"0c9a517\" data-element_type=\"container\" data-e-type=\"container\" data-settings=\"{&quot;background_background&quot;:&quot;classic&quot;}\">\n\t\t\t\t\t<div class=\"e-con-inner\">\n\t\t\t\t<div class=\"elementor-element elementor-element-d29a1c5 elementor-widget elementor-widget-heading\" data-id=\"d29a1c5\" data-element_type=\"widget\" data-e-type=\"widget\" data-widget_type=\"heading.default\">\n\t\t\t\t\t<h2 class=\"elementor-heading-title elementor-size-default\">Was Promotion-Pakete f\u00fcr Sie leisten<\/h2>\t\t\t\t<\/div>\n\t\t\t\t<div class=\"elementor-element elementor-element-b4f404a elementor-widget elementor-widget-text-editor\" data-id=\"b4f404a\" data-element_type=\"widget\" data-e-type=\"widget\" data-widget_type=\"text-editor.default\">\n\t\t\t\t\t\t\t\t\t<p>Promotion-Pakete bauen auf Ihrer Listung auf und erweitern Ihre Pr\u00e4senz im \u00f6ffentlichen Bereich des IT-Matchmaker\u00ae. Sie eignen sich, wenn Sie nicht nur gelistet sein, sondern im offenen Rechercheumfeld sichtbarer und aussagekr\u00e4ftiger auftreten m\u00f6chten.<\/p>\t\t\t\t\t\t\t\t<\/div>\n\t\t\t\t<div class=\"elementor-element elementor-element-929705f elementor-widget elementor-widget-heading\" data-id=\"929705f\" data-element_type=\"widget\" data-e-type=\"widget\" data-widget_type=\"heading.default\">\n\t\t\t\t\t<h3 class=\"elementor-heading-title elementor-size-default\">Mehr Sichtbarkeit im Suchergebnis<\/h3>\t\t\t\t<\/div>\n\t\t\t\t<div class=\"elementor-element elementor-element-407d61e elementor-widget elementor-widget-text-editor\" data-id=\"407d61e\" data-element_type=\"widget\" data-e-type=\"widget\" data-widget_type=\"text-editor.default\">\n\t\t\t\t\t\t\t\t\t<p>Mit einem Basis-Plus- oder Premium-Paket wird Ihre Darstellung im Such- und Rechercheumfeld hervorgehoben. Im Premium-Eintrag werden Anbieter im offenen Bereich mit Logo sowie Details zu Unternehmen, Produkt und Referenzen im Top-Ranking angezeigt.<\/p>\t\t\t\t\t\t\t\t<\/div>\n\t\t\t\t<div class=\"elementor-element elementor-element-bc2bd51 elementor-widget elementor-widget-heading\" data-id=\"bc2bd51\" data-element_type=\"widget\" data-e-type=\"widget\" data-widget_type=\"heading.default\">\n\t\t\t\t\t<h3 class=\"elementor-heading-title elementor-size-default\">Mehr Informationen f\u00fcr Interessenten<\/h3>\t\t\t\t<\/div>\n\t\t\t\t<div class=\"elementor-element elementor-element-a095b39 elementor-widget elementor-widget-text-editor\" data-id=\"a095b39\" data-element_type=\"widget\" data-e-type=\"widget\" data-widget_type=\"text-editor.default\">\n\t\t\t\t\t\t\t\t\t<p>Je nach Paket k\u00f6nnen zus\u00e4tzliche Inhalte sichtbar werden, etwa Unternehmenssteckbrief, Website-Verlinkung, Referenzen, Flyer, Kurzbeschreibungen und Social-Media-Kan\u00e4le.<\/p>\t\t\t\t\t\t\t\t<\/div>\n\t\t\t\t<div class=\"elementor-element elementor-element-986e756 elementor-widget elementor-widget-heading\" data-id=\"986e756\" data-element_type=\"widget\" data-e-type=\"widget\" data-widget_type=\"heading.default\">\n\t\t\t\t\t<h3 class=\"elementor-heading-title elementor-size-default\">Mehr Chancen auf direkte Kontaktaufnahme<\/h3>\t\t\t\t<\/div>\n\t\t\t\t<div class=\"elementor-element elementor-element-3d34e76 elementor-widget elementor-widget-text-editor\" data-id=\"3d34e76\" data-element_type=\"widget\" data-e-type=\"widget\" data-widget_type=\"text-editor.default\">\n\t\t\t\t\t\t\t\t\t<p>Nicht registrierte Anwender recherchieren zun\u00e4chst im offenen Bereich. Wenn dort mehr Informationen und Kontaktm\u00f6glichkeiten sichtbar sind, steigen die Chancen auf direkte Kontaktaufnahme.<\/p>\t\t\t\t\t\t\t\t<\/div>\n\t\t\t\t<div class=\"elementor-element elementor-element-3fe6b53 elementor-widget elementor-widget-heading\" data-id=\"3fe6b53\" data-element_type=\"widget\" data-e-type=\"widget\" data-widget_type=\"heading.default\">\n\t\t\t\t\t<h2 class=\"elementor-heading-title elementor-size-default\">Welche Promotion-Pakete es gibt<\/h2>\t\t\t\t<\/div>\n\t\t\t\t<div class=\"elementor-element elementor-element-8d9676a elementor-widget elementor-widget-text-editor\" data-id=\"8d9676a\" data-element_type=\"widget\" data-e-type=\"widget\" data-widget_type=\"text-editor.default\">\n\t\t\t\t\t\t\t\t\t<p>Die Promotion-Pakete unterscheiden sich vor allem in Umfang und Sichtbarkeit Ihrer Darstellung im \u00f6ffentlichen Bereich des IT-Matchmaker\u00ae.<\/p>\t\t\t\t\t\t\t\t<\/div>\n\t\t<div class=\"elementor-element elementor-element-9dd9074 e-con-full e-flex e-con e-child\" data-id=\"9dd9074\" data-element_type=\"container\" data-e-type=\"container\">\n\t\t<div class=\"elementor-element elementor-element-add4c4a e-con-full e-flex e-con e-child\" data-id=\"add4c4a\" data-element_type=\"container\" data-e-type=\"container\" data-settings=\"{&quot;background_background&quot;:&quot;classic&quot;}\">\n\t\t\t\t<div class=\"elementor-element elementor-element-6fc7f9f elementor-widget elementor-widget-heading\" data-id=\"6fc7f9f\" data-element_type=\"widget\" data-e-type=\"widget\" data-widget_type=\"heading.default\">\n\t\t\t\t\t<p class=\"elementor-heading-title elementor-size-default\">Basis<\/p>\t\t\t\t<\/div>\n\t\t\t\t<div class=\"elementor-element elementor-element-be47642 elementor-widget elementor-widget-text-editor\" data-id=\"be47642\" data-element_type=\"widget\" data-e-type=\"widget\" data-widget_type=\"text-editor.default\">\n\t\t\t\t\t\t\t\t\t<p>Die Grundlage Ihrer Pr\u00e4senz:<\/p><ul><li>Einstellung und Pflege des Basisprofils<\/li><li>Listung Firmen- und Produktname in den gew\u00e4hlten Software-Segmenten<\/li><\/ul>\t\t\t\t\t\t\t\t<\/div>\n\t\t\t\t<\/div>\n\t\t<div class=\"elementor-element elementor-element-b0d76f4 e-con-full e-flex e-con e-child\" data-id=\"b0d76f4\" data-element_type=\"container\" data-e-type=\"container\" data-settings=\"{&quot;background_background&quot;:&quot;classic&quot;}\">\n\t\t\t\t<div class=\"elementor-element elementor-element-ac52421 elementor-widget elementor-widget-heading\" data-id=\"ac52421\" data-element_type=\"widget\" data-e-type=\"widget\" data-widget_type=\"heading.default\">\n\t\t\t\t\t<p class=\"elementor-heading-title elementor-size-default\">Basis Plus<\/p>\t\t\t\t<\/div>\n\t\t\t\t<div class=\"elementor-element elementor-element-9a5d7fe elementor-widget elementor-widget-text-editor\" data-id=\"9a5d7fe\" data-element_type=\"widget\" data-e-type=\"widget\" data-widget_type=\"text-editor.default\">\n\t\t\t\t\t\t\t\t\t<p>Zus\u00e4tzlich zu Ihrer Grundlistung werden weitere Informationen sichtbar, zum Beispiel<\/p><ul><li>Unternehmenssteckbrief,<\/li><li>Logo,<\/li><li>Website-Verlinkung,<\/li><li>Referenzen und<\/li><li>Downloads wie Unternehmens- oder Produktflyer.<\/li><\/ul>\t\t\t\t\t\t\t\t<\/div>\n\t\t\t\t<\/div>\n\t\t<div class=\"elementor-element elementor-element-f25dfbb e-con-full e-flex e-con e-child\" data-id=\"f25dfbb\" data-element_type=\"container\" data-e-type=\"container\" data-settings=\"{&quot;background_background&quot;:&quot;classic&quot;}\">\n\t\t\t\t<div class=\"elementor-element elementor-element-39d83f0 elementor-widget elementor-widget-heading\" data-id=\"39d83f0\" data-element_type=\"widget\" data-e-type=\"widget\" data-widget_type=\"heading.default\">\n\t\t\t\t\t<p class=\"elementor-heading-title elementor-size-default\">Premium<\/p>\t\t\t\t<\/div>\n\t\t\t\t<div class=\"elementor-element elementor-element-f8f24b0 elementor-widget elementor-widget-text-editor\" data-id=\"f8f24b0\" data-element_type=\"widget\" data-e-type=\"widget\" data-widget_type=\"text-editor.default\">\n\t\t\t\t\t\t\t\t\t<p>Mit Premium erh\u00f6hen Sie Ihre Sichtbarkeit im offenen Bereich deutlich. Ihr Eintrag beinhaltet<\/p><ul><li>alle Leistungen des Pakets &#8222;Basis Plus&#8220;<\/li><li>Logo und <strong>Top-Ranking<\/strong> in den Suchergebnissen<\/li><li>Details zu Unternehmen und Produkt<\/li><li>erweiterte Referenzinformationen<\/li><li>Social-Media-Verlinkungen\u00a0<\/li><\/ul><p>\u00a0<\/p>\t\t\t\t\t\t\t\t<\/div>\n\t\t\t\t<\/div>\n\t\t\t\t<\/div>\n\t\t\t\t<div class=\"elementor-element elementor-element-c04eb00 elementor-widget elementor-widget-heading\" data-id=\"c04eb00\" data-element_type=\"widget\" data-e-type=\"widget\" data-widget_type=\"heading.default\">\n\t\t\t\t\t<h2 class=\"elementor-heading-title elementor-size-default\">Fragen zu den Promotion-Paketen?<\/h2>\t\t\t\t<\/div>\n\t\t\t\t<div class=\"elementor-element elementor-element-ecccef3 elementor-widget elementor-widget-text-editor\" data-id=\"ecccef3\" data-element_type=\"widget\" data-e-type=\"widget\" data-widget_type=\"text-editor.default\">\n\t\t\t\t\t\t\t\t\t<p>Sie m\u00f6chten wissen, welches Paket zu Ihrem Ziel passt oder wie sich Ihre Sichtbarkeit im IT-Matchmaker\u00ae gezielt ausbauen l\u00e4sst? Dann sprechen Sie uns gerne an.<\/p>\t\t\t\t\t\t\t\t<\/div>\n\t\t\t\t<div class=\"elementor-element elementor-element-d9f7a9f elementor-widget elementor-widget-button\" data-id=\"d9f7a9f\" data-element_type=\"widget\" data-e-type=\"widget\" data-widget_type=\"button.default\">\n\t\t\t\t\t\t\t\t\t\t<a class=\"elementor-button elementor-button-link elementor-size-sm\" href=\"#elementor-action%3Aaction%3Dpopup%3Aopen%26settings%3DeyJpZCI6IjgzODQ0IiwidG9nZ2xlIjpmYWxzZX0%3D\">\n\t\t\t\t\t\t<span class=\"elementor-button-content-wrapper\">\n\t\t\t\t\t\t\t\t\t<span class=\"elementor-button-text\">Kontakt<\/span>\n\t\t\t\t\t<\/span>\n\t\t\t\t\t<\/a>\n\t\t\t\t\t\t\t\t<\/div>\n\t\t\t\t\t<\/div>\n\t\t\t\t<\/section>\n\t\t\t\t<\/div>\n\t\t","protected":false},"excerpt":{"rendered":"<p>Promotion-Pakete f\u00fcr mehr Sichtbarkeit im IT-Matchmaker\u00ae Mit den Promotion-Paketen erh\u00f6hen Sie Ihre Sichtbarkeit im \u00f6ffentlichen Bereich des IT-Matchmaker\u00ae. So machen Sie Ihr Unternehmen und Ihre L\u00f6sungen f\u00fcr nicht registrierte Anwender sichtbarer und pr\u00e4sentieren mehr Informationen direkt im Such- und Rechercheumfeld. Download Facsheet Kontakt Was Promotion-Pakete f\u00fcr Sie leisten Promotion-Pakete bauen auf Ihrer Listung auf und [&hellip;]<\/p>\n","protected":false},"author":2,"featured_media":0,"parent":83067,"menu_order":0,"comment_status":"closed","ping_status":"closed","template":"","meta":{"_acf_changed":false,"footnotes":""},"kurztitel_webinare":[],"class_list":["post-83102","page","type-page","status-publish","hentry"],"acf":[],"yoast_head":"<!-- This site is optimized with the Yoast SEO plugin v27.3 - https:\/\/yoast.com\/product\/yoast-seo-wordpress\/ -->\n<title>Promotion Pakete - IT-Matchmaker<\/title>\n<meta name=\"robots\" content=\"index, follow, max-snippet:-1, max-image-preview:large, max-video-preview:-1\" \/>\n<link rel=\"canonical\" href=\"https:\/\/www.it-matchmaker.com\/itm\/fuer-anbieter\/werbemoeglichkeiten\/promotion-pakete\/\" \/>\n<meta property=\"og:locale\" content=\"de_DE\" \/>\n<meta property=\"og:type\" content=\"article\" \/>\n<meta property=\"og:title\" content=\"Promotion Pakete - IT-Matchmaker\" \/>\n<meta property=\"og:description\" content=\"Promotion-Pakete f\u00fcr mehr Sichtbarkeit im IT-Matchmaker\u00ae Mit den Promotion-Paketen erh\u00f6hen Sie Ihre Sichtbarkeit im \u00f6ffentlichen Bereich des IT-Matchmaker\u00ae. So machen Sie Ihr Unternehmen und Ihre L\u00f6sungen f\u00fcr nicht registrierte Anwender sichtbarer und pr\u00e4sentieren mehr Informationen direkt im Such- und Rechercheumfeld. Download Facsheet Kontakt Was Promotion-Pakete f\u00fcr Sie leisten Promotion-Pakete bauen auf Ihrer Listung auf und [&hellip;]\" \/>\n<meta property=\"og:url\" content=\"https:\/\/www.it-matchmaker.com\/itm\/fuer-anbieter\/werbemoeglichkeiten\/promotion-pakete\/\" \/>\n<meta property=\"og:site_name\" content=\"IT-Matchmaker\" \/>\n<meta property=\"article:modified_time\" content=\"2026-04-19T21:36:17+00:00\" \/>\n<meta property=\"og:image\" content=\"https:\/\/www.it-matchmaker.com\/itm\/wp-content\/uploads\/2026\/04\/it-matchmaker-promotion-pakete.jpg\" \/>\n\t<meta property=\"og:image:width\" content=\"2049\" \/>\n\t<meta property=\"og:image:height\" content=\"2000\" \/>\n\t<meta property=\"og:image:type\" content=\"image\/jpeg\" \/>\n<meta name=\"twitter:card\" content=\"summary_large_image\" \/>\n<meta name=\"twitter:label1\" content=\"Gesch\u00e4tzte Lesezeit\" \/>\n\t<meta name=\"twitter:data1\" content=\"2\u00a0Minuten\" \/>\n<script type=\"application\/ld+json\" class=\"yoast-schema-graph\">{\"@context\":\"https:\\\/\\\/schema.org\",\"@graph\":[{\"@type\":\"WebPage\",\"@id\":\"https:\\\/\\\/www.it-matchmaker.com\\\/itm\\\/fuer-anbieter\\\/werbemoeglichkeiten\\\/promotion-pakete\\\/\",\"url\":\"https:\\\/\\\/www.it-matchmaker.com\\\/itm\\\/fuer-anbieter\\\/werbemoeglichkeiten\\\/promotion-pakete\\\/\",\"name\":\"Promotion Pakete - IT-Matchmaker\",\"isPartOf\":{\"@id\":\"https:\\\/\\\/www.it-matchmaker.com\\\/itm\\\/#website\"},\"primaryImageOfPage\":{\"@id\":\"https:\\\/\\\/www.it-matchmaker.com\\\/itm\\\/fuer-anbieter\\\/werbemoeglichkeiten\\\/promotion-pakete\\\/#primaryimage\"},\"image\":{\"@id\":\"https:\\\/\\\/www.it-matchmaker.com\\\/itm\\\/fuer-anbieter\\\/werbemoeglichkeiten\\\/promotion-pakete\\\/#primaryimage\"},\"thumbnailUrl\":\"https:\\\/\\\/www.it-matchmaker.com\\\/itm\\\/wp-content\\\/uploads\\\/2026\\\/04\\\/it-matchmaker-promotion-pakete-1024x1000.jpg\",\"datePublished\":\"2026-04-06T22:28:21+00:00\",\"dateModified\":\"2026-04-19T21:36:17+00:00\",\"breadcrumb\":{\"@id\":\"https:\\\/\\\/www.it-matchmaker.com\\\/itm\\\/fuer-anbieter\\\/werbemoeglichkeiten\\\/promotion-pakete\\\/#breadcrumb\"},\"inLanguage\":\"de\",\"potentialAction\":[{\"@type\":\"ReadAction\",\"target\":[\"https:\\\/\\\/www.it-matchmaker.com\\\/itm\\\/fuer-anbieter\\\/werbemoeglichkeiten\\\/promotion-pakete\\\/\"]}]},{\"@type\":\"ImageObject\",\"inLanguage\":\"de\",\"@id\":\"https:\\\/\\\/www.it-matchmaker.com\\\/itm\\\/fuer-anbieter\\\/werbemoeglichkeiten\\\/promotion-pakete\\\/#primaryimage\",\"url\":\"https:\\\/\\\/www.it-matchmaker.com\\\/itm\\\/wp-content\\\/uploads\\\/2026\\\/04\\\/it-matchmaker-promotion-pakete.jpg\",\"contentUrl\":\"https:\\\/\\\/www.it-matchmaker.com\\\/itm\\\/wp-content\\\/uploads\\\/2026\\\/04\\\/it-matchmaker-promotion-pakete.jpg\",\"width\":2049,\"height\":2000,\"caption\":\"IT-Matchmaker Promotion-Pakete\"},{\"@type\":\"BreadcrumbList\",\"@id\":\"https:\\\/\\\/www.it-matchmaker.com\\\/itm\\\/fuer-anbieter\\\/werbemoeglichkeiten\\\/promotion-pakete\\\/#breadcrumb\",\"itemListElement\":[{\"@type\":\"ListItem\",\"position\":1,\"name\":\"Start\",\"item\":\"https:\\\/\\\/www.it-matchmaker.com\\\/itm\\\/\"},{\"@type\":\"ListItem\",\"position\":2,\"name\":\"F\u00fcr Anbieter\",\"item\":\"https:\\\/\\\/www.it-matchmaker.com\\\/itm\\\/fuer-anbieter\\\/\"},{\"@type\":\"ListItem\",\"position\":3,\"name\":\"Werbem\u00f6glichkeiten\",\"item\":\"https:\\\/\\\/www.it-matchmaker.com\\\/itm\\\/fuer-anbieter\\\/werbemoeglichkeiten\\\/\"},{\"@type\":\"ListItem\",\"position\":4,\"name\":\"Promotion Pakete\"}]},{\"@type\":\"WebSite\",\"@id\":\"https:\\\/\\\/www.it-matchmaker.com\\\/itm\\\/#website\",\"url\":\"https:\\\/\\\/www.it-matchmaker.com\\\/itm\\\/\",\"name\":\"IT-Matchmaker\",\"description\":\"Software-Projekte einfach sicher\",\"publisher\":{\"@id\":\"https:\\\/\\\/www.it-matchmaker.com\\\/itm\\\/#organization\"},\"potentialAction\":[{\"@type\":\"SearchAction\",\"target\":{\"@type\":\"EntryPoint\",\"urlTemplate\":\"https:\\\/\\\/www.it-matchmaker.com\\\/itm\\\/?s={search_term_string}\"},\"query-input\":{\"@type\":\"PropertyValueSpecification\",\"valueRequired\":true,\"valueName\":\"search_term_string\"}}],\"inLanguage\":\"de\"},{\"@type\":\"Organization\",\"@id\":\"https:\\\/\\\/www.it-matchmaker.com\\\/itm\\\/#organization\",\"name\":\"IT-Matchmaker\",\"url\":\"https:\\\/\\\/www.it-matchmaker.com\\\/itm\\\/\",\"logo\":{\"@type\":\"ImageObject\",\"inLanguage\":\"de\",\"@id\":\"https:\\\/\\\/www.it-matchmaker.com\\\/itm\\\/#\\\/schema\\\/logo\\\/image\\\/\",\"url\":\"\",\"contentUrl\":\"\",\"caption\":\"IT-Matchmaker\"},\"image\":{\"@id\":\"https:\\\/\\\/www.it-matchmaker.com\\\/itm\\\/#\\\/schema\\\/logo\\\/image\\\/\"}}]}<\/script>\n<!-- \/ Yoast SEO plugin. -->","yoast_head_json":{"title":"Promotion Pakete - IT-Matchmaker","robots":{"index":"index","follow":"follow","max-snippet":"max-snippet:-1","max-image-preview":"max-image-preview:large","max-video-preview":"max-video-preview:-1"},"canonical":"https:\/\/www.it-matchmaker.com\/itm\/fuer-anbieter\/werbemoeglichkeiten\/promotion-pakete\/","og_locale":"de_DE","og_type":"article","og_title":"Promotion Pakete - IT-Matchmaker","og_description":"Promotion-Pakete f\u00fcr mehr Sichtbarkeit im IT-Matchmaker\u00ae Mit den Promotion-Paketen erh\u00f6hen Sie Ihre Sichtbarkeit im \u00f6ffentlichen Bereich des IT-Matchmaker\u00ae. So machen Sie Ihr Unternehmen und Ihre L\u00f6sungen f\u00fcr nicht registrierte Anwender sichtbarer und pr\u00e4sentieren mehr Informationen direkt im Such- und Rechercheumfeld. Download Facsheet Kontakt Was Promotion-Pakete f\u00fcr Sie leisten Promotion-Pakete bauen auf Ihrer Listung auf und [&hellip;]","og_url":"https:\/\/www.it-matchmaker.com\/itm\/fuer-anbieter\/werbemoeglichkeiten\/promotion-pakete\/","og_site_name":"IT-Matchmaker","article_modified_time":"2026-04-19T21:36:17+00:00","og_image":[{"width":2049,"height":2000,"url":"https:\/\/www.it-matchmaker.com\/itm\/wp-content\/uploads\/2026\/04\/it-matchmaker-promotion-pakete.jpg","type":"image\/jpeg"}],"twitter_card":"summary_large_image","twitter_misc":{"Gesch\u00e4tzte Lesezeit":"2\u00a0Minuten"},"schema":{"@context":"https:\/\/schema.org","@graph":[{"@type":"WebPage","@id":"https:\/\/www.it-matchmaker.com\/itm\/fuer-anbieter\/werbemoeglichkeiten\/promotion-pakete\/","url":"https:\/\/www.it-matchmaker.com\/itm\/fuer-anbieter\/werbemoeglichkeiten\/promotion-pakete\/","name":"Promotion Pakete - IT-Matchmaker","isPartOf":{"@id":"https:\/\/www.it-matchmaker.com\/itm\/#website"},"primaryImageOfPage":{"@id":"https:\/\/www.it-matchmaker.com\/itm\/fuer-anbieter\/werbemoeglichkeiten\/promotion-pakete\/#primaryimage"},"image":{"@id":"https:\/\/www.it-matchmaker.com\/itm\/fuer-anbieter\/werbemoeglichkeiten\/promotion-pakete\/#primaryimage"},"thumbnailUrl":"https:\/\/www.it-matchmaker.com\/itm\/wp-content\/uploads\/2026\/04\/it-matchmaker-promotion-pakete-1024x1000.jpg","datePublished":"2026-04-06T22:28:21+00:00","dateModified":"2026-04-19T21:36:17+00:00","breadcrumb":{"@id":"https:\/\/www.it-matchmaker.com\/itm\/fuer-anbieter\/werbemoeglichkeiten\/promotion-pakete\/#breadcrumb"},"inLanguage":"de","potentialAction":[{"@type":"ReadAction","target":["https:\/\/www.it-matchmaker.com\/itm\/fuer-anbieter\/werbemoeglichkeiten\/promotion-pakete\/"]}]},{"@type":"ImageObject","inLanguage":"de","@id":"https:\/\/www.it-matchmaker.com\/itm\/fuer-anbieter\/werbemoeglichkeiten\/promotion-pakete\/#primaryimage","url":"https:\/\/www.it-matchmaker.com\/itm\/wp-content\/uploads\/2026\/04\/it-matchmaker-promotion-pakete.jpg","contentUrl":"https:\/\/www.it-matchmaker.com\/itm\/wp-content\/uploads\/2026\/04\/it-matchmaker-promotion-pakete.jpg","width":2049,"height":2000,"caption":"IT-Matchmaker Promotion-Pakete"},{"@type":"BreadcrumbList","@id":"https:\/\/www.it-matchmaker.com\/itm\/fuer-anbieter\/werbemoeglichkeiten\/promotion-pakete\/#breadcrumb","itemListElement":[{"@type":"ListItem","position":1,"name":"Start","item":"https:\/\/www.it-matchmaker.com\/itm\/"},{"@type":"ListItem","position":2,"name":"F\u00fcr Anbieter","item":"https:\/\/www.it-matchmaker.com\/itm\/fuer-anbieter\/"},{"@type":"ListItem","position":3,"name":"Werbem\u00f6glichkeiten","item":"https:\/\/www.it-matchmaker.com\/itm\/fuer-anbieter\/werbemoeglichkeiten\/"},{"@type":"ListItem","position":4,"name":"Promotion Pakete"}]},{"@type":"WebSite","@id":"https:\/\/www.it-matchmaker.com\/itm\/#website","url":"https:\/\/www.it-matchmaker.com\/itm\/","name":"IT-Matchmaker","description":"Software-Projekte einfach sicher","publisher":{"@id":"https:\/\/www.it-matchmaker.com\/itm\/#organization"},"potentialAction":[{"@type":"SearchAction","target":{"@type":"EntryPoint","urlTemplate":"https:\/\/www.it-matchmaker.com\/itm\/?s={search_term_string}"},"query-input":{"@type":"PropertyValueSpecification","valueRequired":true,"valueName":"search_term_string"}}],"inLanguage":"de"},{"@type":"Organization","@id":"https:\/\/www.it-matchmaker.com\/itm\/#organization","name":"IT-Matchmaker","url":"https:\/\/www.it-matchmaker.com\/itm\/","logo":{"@type":"ImageObject","inLanguage":"de","@id":"https:\/\/www.it-matchmaker.com\/itm\/#\/schema\/logo\/image\/","url":"","contentUrl":"","caption":"IT-Matchmaker"},"image":{"@id":"https:\/\/www.it-matchmaker.com\/itm\/#\/schema\/logo\/image\/"}}]}},"_links":{"self":[{"href":"https:\/\/www.it-matchmaker.com\/itm\/wp-json\/wp\/v2\/pages\/83102","targetHints":{"allow":["GET"]}}],"collection":[{"href":"https:\/\/www.it-matchmaker.com\/itm\/wp-json\/wp\/v2\/pages"}],"about":[{"href":"https:\/\/www.it-matchmaker.com\/itm\/wp-json\/wp\/v2\/types\/page"}],"author":[{"embeddable":true,"href":"https:\/\/www.it-matchmaker.com\/itm\/wp-json\/wp\/v2\/users\/2"}],"replies":[{"embeddable":true,"href":"https:\/\/www.it-matchmaker.com\/itm\/wp-json\/wp\/v2\/comments?post=83102"}],"version-history":[{"count":19,"href":"https:\/\/www.it-matchmaker.com\/itm\/wp-json\/wp\/v2\/pages\/83102\/revisions"}],"predecessor-version":[{"id":83907,"href":"https:\/\/www.it-matchmaker.com\/itm\/wp-json\/wp\/v2\/pages\/83102\/revisions\/83907"}],"up":[{"embeddable":true,"href":"https:\/\/www.it-matchmaker.com\/itm\/wp-json\/wp\/v2\/pages\/83067"}],"wp:attachment":[{"href":"https:\/\/www.it-matchmaker.com\/itm\/wp-json\/wp\/v2\/media?parent=83102"}],"wp:term":[{"taxonomy":"kurztitel_webinare","embeddable":true,"href":"https:\/\/www.it-matchmaker.com\/itm\/wp-json\/wp\/v2\/kurztitel_webinare?post=83102"}],"curies":[{"name":"wp","href":"https:\/\/api.w.org\/{rel}","templated":true}]}}