{"id":138,"date":"2026-03-05T22:42:44","date_gmt":"2026-03-05T21:42:44","guid":{"rendered":"https:\/\/www.it-matchmaker.com\/itm\/?page_id=138"},"modified":"2026-04-20T02:47:10","modified_gmt":"2026-04-20T00:47:10","slug":"trovarit","status":"publish","type":"page","link":"https:\/\/www.it-matchmaker.com\/itm\/ueber-uns\/trovarit\/","title":{"rendered":"Trovarit AG"},"content":{"rendered":"\t\t<div data-elementor-type=\"wp-page\" data-elementor-id=\"138\" class=\"elementor elementor-138\" data-elementor-post-type=\"page\">\n\t\t\t\t<div class=\"elementor-element elementor-element-12547ed e-flex e-con-boxed e-con e-parent\" data-id=\"12547ed\" data-element_type=\"container\" data-e-type=\"container\">\n\t\t\t\t\t<div class=\"e-con-inner\">\n\t\t<div class=\"elementor-element elementor-element-5a531aa e-con-full e-flex e-con e-child\" data-id=\"5a531aa\" data-element_type=\"container\" data-e-type=\"container\">\n\t\t<div class=\"elementor-element elementor-element-fa5869e e-con-full e-flex e-con e-child\" data-id=\"fa5869e\" data-element_type=\"container\" data-e-type=\"container\">\n\t\t\t\t<div class=\"elementor-element elementor-element-3fc30ec9 elementor-widget elementor-widget-heading\" data-id=\"3fc30ec9\" data-element_type=\"widget\" data-e-type=\"widget\" data-widget_type=\"heading.default\">\n\t\t\t\t\t<h1 class=\"elementor-heading-title elementor-size-default\">Wer steht hinter dem IT-Matchmaker\u00ae?<\/h1>\t\t\t\t<\/div>\n\t\t\t\t<div class=\"elementor-element elementor-element-5ba62f08 elementor-widget elementor-widget-text-editor\" data-id=\"5ba62f08\" data-element_type=\"widget\" data-e-type=\"widget\" data-widget_type=\"text-editor.default\">\n\t\t\t\t\t\t\t\t\t<p>Die Trovarit AG ist Ihr anbieterneutraler Partner f\u00fcr die Auswahl, Einf\u00fchrung und Optimierung von Business Software. Mit Methodenkompetenz, Marktwissen und langj\u00e4hriger Projekterfahrung schafft Trovarit die Grundlage f\u00fcr strukturierte, nachvollziehbare und belastbare Software-Entscheidungen.<\/p>\t\t\t\t\t\t\t\t<\/div>\n\t\t\t\t<div class=\"elementor-element elementor-element-8c55e90 elementor-widget elementor-widget-button\" data-id=\"8c55e90\" data-element_type=\"widget\" data-e-type=\"widget\" data-widget_type=\"button.default\">\n\t\t\t\t\t\t\t\t\t\t<a class=\"elementor-button elementor-button-link elementor-size-sm\" href=\"https:\/\/www.trovarit.com\/ueber-uns\/trovarit-ag\/\">\n\t\t\t\t\t\t<span class=\"elementor-button-content-wrapper\">\n\t\t\t\t\t\t\t\t\t<span class=\"elementor-button-text\">Mehr \u00fcber Trovarit erfahren<\/span>\n\t\t\t\t\t<\/span>\n\t\t\t\t\t<\/a>\n\t\t\t\t\t\t\t\t<\/div>\n\t\t\t\t<\/div>\n\t\t<div class=\"elementor-element elementor-element-2f8f7a14 e-con-full e-flex e-con e-child\" data-id=\"2f8f7a14\" data-element_type=\"container\" data-e-type=\"container\">\n\t\t\t\t<div class=\"elementor-element elementor-element-46723940 elementor-widget elementor-widget-image\" data-id=\"46723940\" data-element_type=\"widget\" data-e-type=\"widget\" data-widget_type=\"image.default\">\n\t\t\t\t\t\t\t\t\t\t\t\t\t\t\t<img fetchpriority=\"high\" decoding=\"async\" width=\"800\" height=\"493\" src=\"https:\/\/www.it-matchmaker.com\/itm\/wp-content\/uploads\/2026\/04\/erp-auswahl-1200-1024x631.jpg\" class=\"attachment-large size-large wp-image-83698\" alt=\"Software-Auswahl und -Vergabe mit dem IT-Matchmaker\" srcset=\"https:\/\/www.it-matchmaker.com\/itm\/wp-content\/uploads\/2026\/04\/erp-auswahl-1200-1024x631.jpg 1024w, https:\/\/www.it-matchmaker.com\/itm\/wp-content\/uploads\/2026\/04\/erp-auswahl-1200-300x185.jpg 300w, https:\/\/www.it-matchmaker.com\/itm\/wp-content\/uploads\/2026\/04\/erp-auswahl-1200-768x474.jpg 768w, https:\/\/www.it-matchmaker.com\/itm\/wp-content\/uploads\/2026\/04\/erp-auswahl-1200.jpg 1200w\" sizes=\"(max-width: 800px) 100vw, 800px\" \/>\t\t\t\t\t\t\t\t\t\t\t\t\t\t\t<\/div>\n\t\t\t\t<\/div>\n\t\t\t\t<\/div>\n\t\t\t\t\t<\/div>\n\t\t\t\t<\/div>\n\t\t<div class=\"elementor-element elementor-element-6422101b e-flex e-con-boxed e-con e-parent\" data-id=\"6422101b\" data-element_type=\"container\" data-e-type=\"container\" data-settings=\"{&quot;background_background&quot;:&quot;classic&quot;}\">\n\t\t\t\t\t<div class=\"e-con-inner\">\n\t\t\t\t<div class=\"elementor-element elementor-element-b2a466e elementor-widget elementor-widget-heading\" data-id=\"b2a466e\" data-element_type=\"widget\" data-e-type=\"widget\" data-widget_type=\"heading.default\">\n\t\t\t\t\t<h2 class=\"elementor-heading-title elementor-size-default\">Kompetenz und Neutralit\u00e4t als Grundlage<\/h2>\t\t\t\t<\/div>\n\t\t\t\t<div class=\"elementor-element elementor-element-48789c5 elementor-widget elementor-widget-text-editor\" data-id=\"48789c5\" data-element_type=\"widget\" data-e-type=\"widget\" data-widget_type=\"text-editor.default\">\n\t\t\t\t\t\t\t\t\t<p>Die Trovarit AG unterst\u00fctzt Unternehmen seit vielen Jahren dabei, Business-Software-Projekte fundiert vorzubereiten und erfolgreich umzusetzen. Der IT-Matchmaker\u00ae verbindet dieses methodische Know-how mit einer digitalen Arbeitsumgebung f\u00fcr Auswahl, Bewertung, Anbieterkommunikation und Projektumsetzung.<\/p><p>F\u00fcr den Einsatz des IT-Matchmaker\u00ae ist dabei ein Punkt besonders wichtig: <strong>Anbieterneutralit\u00e4t<\/strong>. Trovarit begleitet Software-Projekte mit dem Ziel, Transparenz zu schaffen, Anforderungen sauber zu strukturieren und tragf\u00e4hige Entscheidungsgrundlagen zu entwickeln \u2013 unabh\u00e4ngig von einzelnen Software-Anbietern.<\/p>\t\t\t\t\t\t\t\t<\/div>\n\t\t\t\t<div class=\"elementor-element elementor-element-7483ef3 elementor-widget elementor-widget-button\" data-id=\"7483ef3\" data-element_type=\"widget\" data-e-type=\"widget\" data-widget_type=\"button.default\">\n\t\t\t\t\t\t\t\t\t\t<a class=\"elementor-button elementor-button-link elementor-size-sm\" href=\"https:\/\/www.trovarit.com\/ueber-uns\/trovarit-ag\/\">\n\t\t\t\t\t\t<span class=\"elementor-button-content-wrapper\">\n\t\t\t\t\t\t\t\t\t<span class=\"elementor-button-text\">Mehr \u00fcber Trovarit erfahren<\/span>\n\t\t\t\t\t<\/span>\n\t\t\t\t\t<\/a>\n\t\t\t\t\t\t\t\t<\/div>\n\t\t\t\t\t<\/div>\n\t\t\t\t<\/div>\n\t\t\t\t<\/div>\n\t\t","protected":false},"excerpt":{"rendered":"<p>Wer steht hinter dem IT-Matchmaker\u00ae? Die Trovarit AG ist Ihr anbieterneutraler Partner f\u00fcr die Auswahl, Einf\u00fchrung und Optimierung von Business Software. Mit Methodenkompetenz, Marktwissen und langj\u00e4hriger Projekterfahrung schafft Trovarit die Grundlage f\u00fcr strukturierte, nachvollziehbare und belastbare Software-Entscheidungen. Mehr \u00fcber Trovarit erfahren Kompetenz und Neutralit\u00e4t als Grundlage Die Trovarit AG unterst\u00fctzt Unternehmen seit vielen Jahren dabei, [&hellip;]<\/p>\n","protected":false},"author":2,"featured_media":0,"parent":136,"menu_order":0,"comment_status":"closed","ping_status":"closed","template":"","meta":{"_acf_changed":false,"footnotes":""},"kurztitel_webinare":[],"class_list":["post-138","page","type-page","status-publish","hentry"],"acf":[],"yoast_head":"<!-- This site is optimized with the Yoast SEO plugin v27.3 - https:\/\/yoast.com\/product\/yoast-seo-wordpress\/ -->\n<title>Trovarit AG \u2013 Wer hinter dem IT-Matchmaker\u00ae steht<\/title>\n<meta name=\"description\" content=\"Trovarit AG als anbieterneutraler Partner bei Auswahl &amp; Einf\u00fchrung von Business Software.\" \/>\n<meta name=\"robots\" content=\"index, follow, max-snippet:-1, max-image-preview:large, max-video-preview:-1\" \/>\n<link rel=\"canonical\" href=\"https:\/\/www.it-matchmaker.com\/itm\/ueber-uns\/trovarit\/\" \/>\n<meta property=\"og:locale\" content=\"de_DE\" \/>\n<meta property=\"og:type\" content=\"article\" \/>\n<meta property=\"og:title\" content=\"Trovarit AG \u2013 Wer hinter dem IT-Matchmaker\u00ae steht\" \/>\n<meta property=\"og:description\" content=\"Trovarit AG als anbieterneutraler Partner bei Auswahl &amp; Einf\u00fchrung von Business Software.\" \/>\n<meta property=\"og:url\" content=\"https:\/\/www.it-matchmaker.com\/itm\/ueber-uns\/trovarit\/\" \/>\n<meta property=\"og:site_name\" content=\"IT-Matchmaker\" \/>\n<meta property=\"article:modified_time\" content=\"2026-04-20T00:47:10+00:00\" \/>\n<meta property=\"og:image\" content=\"https:\/\/www.it-matchmaker.com\/itm\/wp-content\/uploads\/2026\/04\/erp-auswahl-1200.jpg\" \/>\n\t<meta property=\"og:image:width\" content=\"1200\" \/>\n\t<meta property=\"og:image:height\" content=\"740\" \/>\n\t<meta property=\"og:image:type\" content=\"image\/jpeg\" \/>\n<meta name=\"twitter:card\" content=\"summary_large_image\" \/>\n<meta name=\"twitter:label1\" content=\"Gesch\u00e4tzte Lesezeit\" \/>\n\t<meta name=\"twitter:data1\" content=\"1\u00a0Minute\" \/>\n<script type=\"application\/ld+json\" class=\"yoast-schema-graph\">{\"@context\":\"https:\\\/\\\/schema.org\",\"@graph\":[{\"@type\":\"WebPage\",\"@id\":\"https:\\\/\\\/www.it-matchmaker.com\\\/itm\\\/ueber-uns\\\/trovarit\\\/\",\"url\":\"https:\\\/\\\/www.it-matchmaker.com\\\/itm\\\/ueber-uns\\\/trovarit\\\/\",\"name\":\"Trovarit AG \u2013 Wer hinter dem IT-Matchmaker\u00ae steht\",\"isPartOf\":{\"@id\":\"https:\\\/\\\/www.it-matchmaker.com\\\/itm\\\/#website\"},\"primaryImageOfPage\":{\"@id\":\"https:\\\/\\\/www.it-matchmaker.com\\\/itm\\\/ueber-uns\\\/trovarit\\\/#primaryimage\"},\"image\":{\"@id\":\"https:\\\/\\\/www.it-matchmaker.com\\\/itm\\\/ueber-uns\\\/trovarit\\\/#primaryimage\"},\"thumbnailUrl\":\"https:\\\/\\\/www.it-matchmaker.com\\\/itm\\\/wp-content\\\/uploads\\\/2026\\\/04\\\/erp-auswahl-1200-1024x631.jpg\",\"datePublished\":\"2026-03-05T21:42:44+00:00\",\"dateModified\":\"2026-04-20T00:47:10+00:00\",\"description\":\"Trovarit AG als anbieterneutraler Partner bei Auswahl & Einf\u00fchrung von Business Software.\",\"breadcrumb\":{\"@id\":\"https:\\\/\\\/www.it-matchmaker.com\\\/itm\\\/ueber-uns\\\/trovarit\\\/#breadcrumb\"},\"inLanguage\":\"de\",\"potentialAction\":[{\"@type\":\"ReadAction\",\"target\":[\"https:\\\/\\\/www.it-matchmaker.com\\\/itm\\\/ueber-uns\\\/trovarit\\\/\"]}]},{\"@type\":\"ImageObject\",\"inLanguage\":\"de\",\"@id\":\"https:\\\/\\\/www.it-matchmaker.com\\\/itm\\\/ueber-uns\\\/trovarit\\\/#primaryimage\",\"url\":\"https:\\\/\\\/www.it-matchmaker.com\\\/itm\\\/wp-content\\\/uploads\\\/2026\\\/04\\\/erp-auswahl-1200.jpg\",\"contentUrl\":\"https:\\\/\\\/www.it-matchmaker.com\\\/itm\\\/wp-content\\\/uploads\\\/2026\\\/04\\\/erp-auswahl-1200.jpg\",\"width\":1200,\"height\":740,\"caption\":\"Software-Auswahl und -Vergabe mit dem IT-Matchmaker\"},{\"@type\":\"BreadcrumbList\",\"@id\":\"https:\\\/\\\/www.it-matchmaker.com\\\/itm\\\/ueber-uns\\\/trovarit\\\/#breadcrumb\",\"itemListElement\":[{\"@type\":\"ListItem\",\"position\":1,\"name\":\"Start\",\"item\":\"https:\\\/\\\/www.it-matchmaker.com\\\/itm\\\/\"},{\"@type\":\"ListItem\",\"position\":2,\"name\":\"\u00dcber uns\",\"item\":\"https:\\\/\\\/www.it-matchmaker.com\\\/itm\\\/ueber-uns\\\/\"},{\"@type\":\"ListItem\",\"position\":3,\"name\":\"Trovarit AG\"}]},{\"@type\":\"WebSite\",\"@id\":\"https:\\\/\\\/www.it-matchmaker.com\\\/itm\\\/#website\",\"url\":\"https:\\\/\\\/www.it-matchmaker.com\\\/itm\\\/\",\"name\":\"IT-Matchmaker\",\"description\":\"Software-Projekte einfach sicher\",\"publisher\":{\"@id\":\"https:\\\/\\\/www.it-matchmaker.com\\\/itm\\\/#organization\"},\"potentialAction\":[{\"@type\":\"SearchAction\",\"target\":{\"@type\":\"EntryPoint\",\"urlTemplate\":\"https:\\\/\\\/www.it-matchmaker.com\\\/itm\\\/?s={search_term_string}\"},\"query-input\":{\"@type\":\"PropertyValueSpecification\",\"valueRequired\":true,\"valueName\":\"search_term_string\"}}],\"inLanguage\":\"de\"},{\"@type\":\"Organization\",\"@id\":\"https:\\\/\\\/www.it-matchmaker.com\\\/itm\\\/#organization\",\"name\":\"IT-Matchmaker\",\"url\":\"https:\\\/\\\/www.it-matchmaker.com\\\/itm\\\/\",\"logo\":{\"@type\":\"ImageObject\",\"inLanguage\":\"de\",\"@id\":\"https:\\\/\\\/www.it-matchmaker.com\\\/itm\\\/#\\\/schema\\\/logo\\\/image\\\/\",\"url\":\"\",\"contentUrl\":\"\",\"caption\":\"IT-Matchmaker\"},\"image\":{\"@id\":\"https:\\\/\\\/www.it-matchmaker.com\\\/itm\\\/#\\\/schema\\\/logo\\\/image\\\/\"}}]}<\/script>\n<!-- \/ Yoast SEO plugin. -->","yoast_head_json":{"title":"Trovarit AG \u2013 Wer hinter dem IT-Matchmaker\u00ae steht","description":"Trovarit AG als anbieterneutraler Partner bei Auswahl & Einf\u00fchrung von Business Software.","robots":{"index":"index","follow":"follow","max-snippet":"max-snippet:-1","max-image-preview":"max-image-preview:large","max-video-preview":"max-video-preview:-1"},"canonical":"https:\/\/www.it-matchmaker.com\/itm\/ueber-uns\/trovarit\/","og_locale":"de_DE","og_type":"article","og_title":"Trovarit AG \u2013 Wer hinter dem IT-Matchmaker\u00ae steht","og_description":"Trovarit AG als anbieterneutraler Partner bei Auswahl & Einf\u00fchrung von Business Software.","og_url":"https:\/\/www.it-matchmaker.com\/itm\/ueber-uns\/trovarit\/","og_site_name":"IT-Matchmaker","article_modified_time":"2026-04-20T00:47:10+00:00","og_image":[{"width":1200,"height":740,"url":"https:\/\/www.it-matchmaker.com\/itm\/wp-content\/uploads\/2026\/04\/erp-auswahl-1200.jpg","type":"image\/jpeg"}],"twitter_card":"summary_large_image","twitter_misc":{"Gesch\u00e4tzte Lesezeit":"1\u00a0Minute"},"schema":{"@context":"https:\/\/schema.org","@graph":[{"@type":"WebPage","@id":"https:\/\/www.it-matchmaker.com\/itm\/ueber-uns\/trovarit\/","url":"https:\/\/www.it-matchmaker.com\/itm\/ueber-uns\/trovarit\/","name":"Trovarit AG \u2013 Wer hinter dem IT-Matchmaker\u00ae steht","isPartOf":{"@id":"https:\/\/www.it-matchmaker.com\/itm\/#website"},"primaryImageOfPage":{"@id":"https:\/\/www.it-matchmaker.com\/itm\/ueber-uns\/trovarit\/#primaryimage"},"image":{"@id":"https:\/\/www.it-matchmaker.com\/itm\/ueber-uns\/trovarit\/#primaryimage"},"thumbnailUrl":"https:\/\/www.it-matchmaker.com\/itm\/wp-content\/uploads\/2026\/04\/erp-auswahl-1200-1024x631.jpg","datePublished":"2026-03-05T21:42:44+00:00","dateModified":"2026-04-20T00:47:10+00:00","description":"Trovarit AG als anbieterneutraler Partner bei Auswahl & Einf\u00fchrung von Business Software.","breadcrumb":{"@id":"https:\/\/www.it-matchmaker.com\/itm\/ueber-uns\/trovarit\/#breadcrumb"},"inLanguage":"de","potentialAction":[{"@type":"ReadAction","target":["https:\/\/www.it-matchmaker.com\/itm\/ueber-uns\/trovarit\/"]}]},{"@type":"ImageObject","inLanguage":"de","@id":"https:\/\/www.it-matchmaker.com\/itm\/ueber-uns\/trovarit\/#primaryimage","url":"https:\/\/www.it-matchmaker.com\/itm\/wp-content\/uploads\/2026\/04\/erp-auswahl-1200.jpg","contentUrl":"https:\/\/www.it-matchmaker.com\/itm\/wp-content\/uploads\/2026\/04\/erp-auswahl-1200.jpg","width":1200,"height":740,"caption":"Software-Auswahl und -Vergabe mit dem IT-Matchmaker"},{"@type":"BreadcrumbList","@id":"https:\/\/www.it-matchmaker.com\/itm\/ueber-uns\/trovarit\/#breadcrumb","itemListElement":[{"@type":"ListItem","position":1,"name":"Start","item":"https:\/\/www.it-matchmaker.com\/itm\/"},{"@type":"ListItem","position":2,"name":"\u00dcber uns","item":"https:\/\/www.it-matchmaker.com\/itm\/ueber-uns\/"},{"@type":"ListItem","position":3,"name":"Trovarit AG"}]},{"@type":"WebSite","@id":"https:\/\/www.it-matchmaker.com\/itm\/#website","url":"https:\/\/www.it-matchmaker.com\/itm\/","name":"IT-Matchmaker","description":"Software-Projekte einfach sicher","publisher":{"@id":"https:\/\/www.it-matchmaker.com\/itm\/#organization"},"potentialAction":[{"@type":"SearchAction","target":{"@type":"EntryPoint","urlTemplate":"https:\/\/www.it-matchmaker.com\/itm\/?s={search_term_string}"},"query-input":{"@type":"PropertyValueSpecification","valueRequired":true,"valueName":"search_term_string"}}],"inLanguage":"de"},{"@type":"Organization","@id":"https:\/\/www.it-matchmaker.com\/itm\/#organization","name":"IT-Matchmaker","url":"https:\/\/www.it-matchmaker.com\/itm\/","logo":{"@type":"ImageObject","inLanguage":"de","@id":"https:\/\/www.it-matchmaker.com\/itm\/#\/schema\/logo\/image\/","url":"","contentUrl":"","caption":"IT-Matchmaker"},"image":{"@id":"https:\/\/www.it-matchmaker.com\/itm\/#\/schema\/logo\/image\/"}}]}},"_links":{"self":[{"href":"https:\/\/www.it-matchmaker.com\/itm\/wp-json\/wp\/v2\/pages\/138","targetHints":{"allow":["GET"]}}],"collection":[{"href":"https:\/\/www.it-matchmaker.com\/itm\/wp-json\/wp\/v2\/pages"}],"about":[{"href":"https:\/\/www.it-matchmaker.com\/itm\/wp-json\/wp\/v2\/types\/page"}],"author":[{"embeddable":true,"href":"https:\/\/www.it-matchmaker.com\/itm\/wp-json\/wp\/v2\/users\/2"}],"replies":[{"embeddable":true,"href":"https:\/\/www.it-matchmaker.com\/itm\/wp-json\/wp\/v2\/comments?post=138"}],"version-history":[{"count":4,"href":"https:\/\/www.it-matchmaker.com\/itm\/wp-json\/wp\/v2\/pages\/138\/revisions"}],"predecessor-version":[{"id":83955,"href":"https:\/\/www.it-matchmaker.com\/itm\/wp-json\/wp\/v2\/pages\/138\/revisions\/83955"}],"up":[{"embeddable":true,"href":"https:\/\/www.it-matchmaker.com\/itm\/wp-json\/wp\/v2\/pages\/136"}],"wp:attachment":[{"href":"https:\/\/www.it-matchmaker.com\/itm\/wp-json\/wp\/v2\/media?parent=138"}],"wp:term":[{"taxonomy":"kurztitel_webinare","embeddable":true,"href":"https:\/\/www.it-matchmaker.com\/itm\/wp-json\/wp\/v2\/kurztitel_webinare?post=138"}],"curies":[{"name":"wp","href":"https:\/\/api.w.org\/{rel}","templated":true}]}}